{"id":207,"date":"2026-04-09T22:35:05","date_gmt":"2026-04-09T22:35:05","guid":{"rendered":"https:\/\/sauberundstern.de\/?page_id=207"},"modified":"2026-04-09T22:35:05","modified_gmt":"2026-04-09T22:35:05","slug":"endlich-wieder-voller-durchblick","status":"publish","type":"page","link":"https:\/\/sauberundstern.de\/?page_id=207","title":{"rendered":"&#8222;Endlich wieder voller Durchblick&#8220;"},"content":{"rendered":"<p>\u201eWir haben viele Glasfl\u00e4chen, die schwer zu erreichen sind. F\u00fcr Sauber und Stern war das kein Problem. Die Fenster sind streifenfrei sauber und der Glanz in unseren Verkaufsr\u00e4umen ist beeindruckend. Wer klare Sicht sucht, kommt an diesem Stern nicht vorbei.\u201c<\/p>\n<p>\u2014 Sabine M., Filialleiterin Modehaus<\/p>\n","protected":false},"excerpt":{"rendered":"<p>\u201eWir haben viele Glasfl\u00e4chen, die schwer zu erreichen sind. F\u00fcr Sauber und Stern war das kein Problem. Die Fenster sind streifenfrei sauber und der Glanz in unseren Verkaufsr\u00e4umen ist beeindruckend. Wer klare Sicht sucht, kommt an diesem Stern nicht vorbei.\u201c \u2014 Sabine M., Filialleiterin Modehaus<\/p>\n","protected":false},"author":1,"featured_media":0,"parent":0,"menu_order":0,"comment_status":"closed","ping_status":"closed","template":"","meta":{"dsgo_overlay_header":false,"dsgo_overlay_header_text_color":"","dsgo_overlay_skip_top_bar":false,"_designsetgo_exclude_llms":false,"footnotes":""},"class_list":["post-207","page","type-page","status-publish","hentry"],"_links":{"self":[{"href":"https:\/\/sauberundstern.de\/index.php?rest_route=\/wp\/v2\/pages\/207","targetHints":{"allow":["GET"]}}],"collection":[{"href":"https:\/\/sauberundstern.de\/index.php?rest_route=\/wp\/v2\/pages"}],"about":[{"href":"https:\/\/sauberundstern.de\/index.php?rest_route=\/wp\/v2\/types\/page"}],"author":[{"embeddable":true,"href":"https:\/\/sauberundstern.de\/index.php?rest_route=\/wp\/v2\/users\/1"}],"replies":[{"embeddable":true,"href":"https:\/\/sauberundstern.de\/index.php?rest_route=%2Fwp%2Fv2%2Fcomments&post=207"}],"version-history":[{"count":1,"href":"https:\/\/sauberundstern.de\/index.php?rest_route=\/wp\/v2\/pages\/207\/revisions"}],"predecessor-version":[{"id":209,"href":"https:\/\/sauberundstern.de\/index.php?rest_route=\/wp\/v2\/pages\/207\/revisions\/209"}],"wp:attachment":[{"href":"https:\/\/sauberundstern.de\/index.php?rest_route=%2Fwp%2Fv2%2Fmedia&parent=207"}],"curies":[{"name":"wp","href":"https:\/\/api.w.org\/{rel}","templated":true}]}}